{"id":14,"date":"2015-12-09T08:51:28","date_gmt":"2015-12-09T07:51:28","guid":{"rendered":"http:\/\/underbakke.as\/suldalhotell\/?page_id=14"},"modified":"2024-11-20T14:26:03","modified_gmt":"2024-11-20T13:26:03","slug":"sand","status":"publish","type":"page","link":"https:\/\/underbakke.as\/suldalhotell\/sand\/","title":{"rendered":"SAND &#8211; perla i Ryfylke"},"content":{"rendered":"<style>.wp-block-kadence-advancedgallery.kb-gallery-wrap-id-14_31a8b1-ee{overflow:hidden;}.kb-gallery-type-carousel.kb-gallery-id-14_31a8b1-ee .kt-blocks-carousel .kt-blocks-carousel-init:not( .splide-initialized ){margin-left:-0px;margin-right:-0px;}.kb-gallery-type-carousel.kb-gallery-id-14_31a8b1-ee .kt-blocks-carousel .kt-blocks-carousel-init:not( .splide-initialized ) .kb-slide-item{padding-left:0px;padding-right:0px;}.kb-gallery-id-14_31a8b1-ee .kadence-blocks-gallery-item .kb-gal-image-radius{border-radius:0px 0px 0px 0px;;}<\/style><div class=\"kb-gallery-wrap-id-14_31a8b1-ee alignnone wp-block-kadence-advancedgallery\"><div class=\"kb-gallery-ul kb-gallery-non-static kb-gallery-type-carousel kb-gallery-id-14_31a8b1-ee kb-gallery-caption-style-bottom-hover kb-gallery-filter-none\" data-image-filter=\"none\" data-lightbox-caption=\"true\"><div class=\"kt-blocks-carousel kt-carousel-container-dotstyle-dark\"><div class=\"kt-blocks-carousel-init kb-gallery-carousel kt-carousel-arrowstyle-whiteondark kt-carousel-dotstyle-dark\" data-columns-xxl=\"3\" data-columns-xl=\"3\" data-columns-md=\"3\" data-columns-sm=\"2\" data-columns-xs=\"1\" data-columns-ss=\"1\" data-slider-anim-speed=\"400\" data-slider-scroll=\"1\" data-slider-arrows=\"true\" data-slider-dots=\"true\" data-slider-hover-pause=\"false\" data-slider-auto=\"\" data-slider-speed=\"7000\" data-slider-gap=\"0px\" data-slider-gap-tablet=\"0px\" data-slider-gap-mobile=\"0px\"><div class=\"kb-slide-item kb-gallery-carousel-item\"><div class=\"kadence-blocks-gallery-item\"><div class=\"kadence-blocks-gallery-item-inner\"><figure class=\"kb-gallery-figure kadence-blocks-gallery-item-hide-caption\" \"><div class=\"kb-gal-image-radius\"><div class=\"kb-gallery-image-contain kadence-blocks-gallery-intrinsic kb-gallery-image-ratio-land32 kb-has-image-ratio-land32\" ><img loading=\"lazy\" decoding=\"async\" src=\"http:\/\/underbakke.as\/suldalhotell\/wp-content\/uploads\/2015\/12\/58108478.jpg\" width=\"840\" height=\"460\" alt=\"\" data-full-image=\"http:\/\/underbakke.as\/suldalhotell\/wp-content\/uploads\/2015\/12\/58108478.jpg\" data-light-image=\"http:\/\/underbakke.as\/suldalhotell\/wp-content\/uploads\/2015\/12\/58108478.jpg\" data-id=\"73\" class=\"wp-image-73 skip-lazy\" srcset=\"https:\/\/underbakke.as\/suldalhotell\/wp-content\/uploads\/2015\/12\/58108478.jpg 840w, https:\/\/underbakke.as\/suldalhotell\/wp-content\/uploads\/2015\/12\/58108478-300x164.jpg 300w, https:\/\/underbakke.as\/suldalhotell\/wp-content\/uploads\/2015\/12\/58108478-768x421.jpg 768w\" sizes=\"(max-width: 840px) 100vw, 840px\" \/><\/div><\/div><\/figure><\/div><\/div><\/div><div class=\"kb-slide-item kb-gallery-carousel-item\"><div class=\"kadence-blocks-gallery-item\"><div class=\"kadence-blocks-gallery-item-inner\"><figure class=\"kb-gallery-figure kadence-blocks-gallery-item-hide-caption\" \"><div class=\"kb-gal-image-radius\"><div class=\"kb-gallery-image-contain kadence-blocks-gallery-intrinsic kb-gallery-image-ratio-land32 kb-has-image-ratio-land32\" ><img loading=\"lazy\" decoding=\"async\" src=\"http:\/\/underbakke.as\/suldalhotell\/wp-content\/uploads\/2015\/12\/58110614.jpg\" width=\"960\" height=\"340\" alt=\"Bading i Nordenden\" data-full-image=\"http:\/\/underbakke.as\/suldalhotell\/wp-content\/uploads\/2015\/12\/58110614.jpg\" data-light-image=\"http:\/\/underbakke.as\/suldalhotell\/wp-content\/uploads\/2015\/12\/58110614.jpg\" data-id=\"76\" class=\"wp-image-76 skip-lazy\" srcset=\"https:\/\/underbakke.as\/suldalhotell\/wp-content\/uploads\/2015\/12\/58110614.jpg 960w, https:\/\/underbakke.as\/suldalhotell\/wp-content\/uploads\/2015\/12\/58110614-300x106.jpg 300w, https:\/\/underbakke.as\/suldalhotell\/wp-content\/uploads\/2015\/12\/58110614-768x272.jpg 768w, https:\/\/underbakke.as\/suldalhotell\/wp-content\/uploads\/2015\/12\/58110614-900x319.jpg 900w\" sizes=\"(max-width: 960px) 100vw, 960px\" \/><\/div><\/div><\/figure><\/div><\/div><\/div><div class=\"kb-slide-item kb-gallery-carousel-item\"><div class=\"kadence-blocks-gallery-item\"><div class=\"kadence-blocks-gallery-item-inner\"><figure class=\"kb-gallery-figure kadence-blocks-gallery-item-hide-caption\" \"><div class=\"kb-gal-image-radius\"><div class=\"kb-gallery-image-contain kadence-blocks-gallery-intrinsic kb-gallery-image-ratio-land32 kb-has-image-ratio-land32\" ><img loading=\"lazy\" decoding=\"async\" src=\"http:\/\/underbakke.as\/suldalhotell\/wp-content\/uploads\/2015\/12\/58110631.jpg\" width=\"840\" height=\"460\" alt=\"H\u00f8sebrua - eller H\u00f8se bru\" data-full-image=\"http:\/\/underbakke.as\/suldalhotell\/wp-content\/uploads\/2015\/12\/58110631.jpg\" data-light-image=\"http:\/\/underbakke.as\/suldalhotell\/wp-content\/uploads\/2015\/12\/58110631.jpg\" data-id=\"77\" class=\"wp-image-77 skip-lazy\" srcset=\"https:\/\/underbakke.as\/suldalhotell\/wp-content\/uploads\/2015\/12\/58110631.jpg 840w, https:\/\/underbakke.as\/suldalhotell\/wp-content\/uploads\/2015\/12\/58110631-300x164.jpg 300w, https:\/\/underbakke.as\/suldalhotell\/wp-content\/uploads\/2015\/12\/58110631-768x421.jpg 768w\" sizes=\"(max-width: 840px) 100vw, 840px\" \/><\/div><\/div><\/figure><\/div><\/div><\/div><\/div><\/div><\/div><\/div>\n\n\n<p>&nbsp;<\/p>\n\n\n\n<p class=\"has-primary-color has-text-color has-link-color wp-elements-1f38d97adebbc708da4e95c4047c943d\">Opplev det beste av Suldal ved \u00e5 bu p\u00e5 Suldal Hotell, idyllisk plassert langs den vakre <a href=\"https:\/\/www.nasjonaleturistveger.no\/no\/turistvegene\/ryfylke\">Nasjonal turistveg Ryfylke<\/a>, riksveg 13, midt i hjartet av Sand sentrum. Her er du tett p\u00e5 alt som skjer \u2013 nyt komforten av \u00e5 bu i sentrum, der du finn ei rekke spanande opplevingar og fasilitetar like rundt hj\u00f8rnet!<\/p>\n\n\n\n<p class=\"has-primary-color has-text-color has-link-color wp-elements-595c61f62bb395849307741b93c088ed\"><a href=\"https:\/\/www.suldal-bad.no\/\">Suldal Bad<\/a><\/p>\n\n\n\n<p class=\"has-primary-color has-text-color has-link-color wp-elements-3ca43c4157d860b4ad0ffd9c14bb6345\">H\u00f8se Bru og <a href=\"https:\/\/lakseelver.no\/nb\/elver\/suldalslagen\">Suldalsl\u00e5gen<\/a><\/p>\n\n\n\n<p class=\"has-primary-color has-text-color has-link-color wp-elements-658a60dd12a72c7c18728a3c8d9b8c72\"><a href=\"http:\/\/ryfylkemuseet.no\/\" target=\"_blank\" rel=\"noopener noreferrer\">Ryfylkemuseet<\/a> med <a href=\"http:\/\/ryfylkemuseet.no\/anlegg\/kvitebjornen\/\" target=\"_blank\" rel=\"noopener noreferrer\">Kvitebj\u00f8rnen (aktiv utstilling for barn)<\/a><\/p>\n\n\n\n<p class=\"has-primary-color has-text-color has-link-color wp-elements-bb132d2832568585a90a47fa09520bd8\"><a href=\"http:\/\/www.suldal.kulturhus.no\/\" target=\"_blank\" rel=\"noopener noreferrer\">Kino, bowling og kulturtilbod<\/a><\/p>\n\n\n\n<p class=\"has-primary-color has-text-color has-link-color wp-elements-8c935990de2bbcb9dc240a8effb71904\"><a href=\"https:\/\/www.kolumbus.no\/ruter\/bat\/ryfylke\/\" target=\"_blank\" rel=\"noopener noreferrer\">Hurtigb\u00e5t<\/a> (Ryfylke &#8211; Stavanger \/ Stavanger &#8211; Ryfylke)<\/p>\n\n\n\n<p class=\"has-primary-color has-text-color has-link-color wp-elements-199bddd6cbeb7e677d920f1e4a7a2458\"><a href=\"https:\/\/www.visitsuldal.no\/\" target=\"_blank\" rel=\"noopener noreferrer\">Turistkontor<\/a><\/p>\n\n\n\n<p class=\"has-primary-color has-text-color has-link-color wp-elements-adeefb14a0ae16681aaf9a77f0ad5931\">Eit godt utval av daglegvare- og andre butikkar. Sjekk gjerne ut butikkane i <a href=\"https:\/\/underbakke.as\/naeringseigedommar-i-sentrum\/sandsvegen-134\/\">N\u00e6ringsparken p\u00e5 Garaneset<\/a>. <\/p>\n\n\n\n<p>Nyt fantastiske fiske- og turopplevingar med Suldalsl\u00e5gen, ei av Noregs beste lakseelvar, like ved hotellet. I tillegg har du Gullingen \u2013 eit eldorado for naturopplevingar og friluftsliv \u2013 berre ein kort kj\u00f8retur unna. Her ligg alt til rette for uforgl\u00f8ymelege naturopplevingar, enten du vil fiske, vandre eller utforske vakre Ryfylke!<\/p>\n\n\n\n<p><iframe loading=\"lazy\" style=\"border: 0;\" src=\"https:\/\/www.google.com\/maps\/embed?pb=!1m40!1m12!1m3!1d4052.0457832620646!2d6.256481296479243!3d59.48271456874969!2m3!1f0!2f0!3f0!3m2!1i1024!2i768!4f13.1!4m25!3e2!4m5!1s0x463be3681eb96c61%3A0x4e331b9a71a1dfd6!2sKulturhuset+I+Suldal%2C+Sand%2C+Suldal!3m2!1d59.4837354!2d6.2532448!4m5!1s0x463be342acb5b695%3A0x1a3b459f69b7d4c6!2sGata+2%2C+4230+Sand!3m2!1d59.484550799999994!2d6.2517343!4m5!1s0x463be367f1747625%3A0x3e66e9bb17ead8e2!2sSand+Skipsekspedisjon+AS%2C+Verven%2C+Sand!3m2!1d59.483679599999995!2d6.250018799999999!4m5!1s0x463be31508ea39f9%3A0x345fff9a91dccea1!2sSuldal+Turistkontor%2C+Sandsvegen%2C+Sand!3m2!1d59.4810685!2d6.2721706!5e0!3m2!1sno!2sno!4v1441706823310\" width=\"600\" height=\"450\" frameborder=\"0\" allowfullscreen=\"allowfullscreen\"><\/iframe><\/p>\n\n\n\n<h2 class=\"wp-block-heading\">Bu p\u00e5 hotell i Suldal?<\/h2>\n\n\n\n<p>Sand er kommunesenteret i Suldal. Sand sentrum er eit hyggeleg sentrum med kvite trehus heilt ned til fjorden, ei hovudgate som faktisk heiter Gata, og med sm\u00e5 butikkar som har det meste av det du treng. Suldalsl\u00e5gen som renn ut i Sandsfjorden er ei sv\u00e6rt ettertrakta lakseelv av nasjonale dimensjonar, og det er gangavstand fr\u00e5 hotellet til elva og den prisbel\u00f8nna H\u00f8se bru.<\/p>\n\n\n\n<p>Bur du p\u00e5 Suldal hotell i Suldal, har du naturen tett p\u00e5, og samstundes ligg vegen og fjorden rett ved n\u00e5r du skal komma deg til og fr\u00e5.<\/p>\n\n\n\n<p><\/p>\n\n\n<style>.kb-image14_31dadb-c7 .kb-image-has-overlay:after{opacity:0.3;}<\/style>\n<figure class=\"wp-block-kadence-image kb-image14_31dadb-c7 size-large\"><a href=\"http:\/\/underbakke.as\/suldalhotell\/wp-content\/uploads\/2024\/11\/Nordenden-edited-scaled.jpg\" class=\"kb-advanced-image-link\"><img loading=\"lazy\" decoding=\"async\" width=\"1024\" height=\"683\" src=\"http:\/\/underbakke.as\/suldalhotell\/wp-content\/uploads\/2024\/11\/Nordenden-edited-1024x683.jpg\" alt=\"\" class=\"kb-img wp-image-479\" srcset=\"https:\/\/underbakke.as\/suldalhotell\/wp-content\/uploads\/2024\/11\/Nordenden-edited-1024x683.jpg 1024w, https:\/\/underbakke.as\/suldalhotell\/wp-content\/uploads\/2024\/11\/Nordenden-edited-300x200.jpg 300w, https:\/\/underbakke.as\/suldalhotell\/wp-content\/uploads\/2024\/11\/Nordenden-edited-2000x1333.jpg 2000w\" sizes=\"(max-width: 1024px) 100vw, 1024px\" \/><\/a><\/figure>\n","protected":false},"excerpt":{"rendered":"<p>&nbsp; Opplev det beste av Suldal ved \u00e5 bu p\u00e5 Suldal Hotell, idyllisk plassert langs den vakre Nasjonal turistveg Ryfylke, riksveg 13, midt i hjartet av Sand sentrum. Her er du tett p\u00e5 alt som skjer \u2013 nyt komforten av \u00e5 bu i sentrum, der du finn ei rekke spanande opplevingar og fasilitetar like rundt &hellip; <\/p>\n<p class=\"link-more\"><a href=\"https:\/\/underbakke.as\/suldalhotell\/sand\/\" class=\"more-link\">Read more<span class=\"screen-reader-text\"> &laquo;SAND &#8211; perla i Ryfylke&raquo;<\/span><\/a><\/p>\n","protected":false},"author":1,"featured_media":0,"parent":0,"menu_order":0,"comment_status":"closed","ping_status":"closed","template":"","meta":{"footnotes":""},"class_list":["post-14","page","type-page","status-publish","hentry"],"yoast_head":"<!-- This site is optimized with the Yoast SEO plugin v23.9 - https:\/\/yoast.com\/wordpress\/plugins\/seo\/ -->\n<title>SAND - perla i Ryfylke - Suldal Hotell<\/title>\n<meta name=\"description\" content=\"Bu p\u00e5 hotell i Suldal. Bu p\u00e5 Suldal hotell - eit rimeleg overnattingstilbod p\u00e5 Sand - perla i Rfyfylke. Sjekk prisane v\u00e5re!\" \/>\n<meta name=\"robots\" content=\"index, follow, max-snippet:-1, max-image-preview:large, max-video-preview:-1\" \/>\n<link rel=\"canonical\" href=\"https:\/\/underbakke.as\/suldalhotell\/sand\/\" \/>\n<meta property=\"og:locale\" content=\"nn_NO\" \/>\n<meta property=\"og:type\" content=\"article\" \/>\n<meta property=\"og:title\" content=\"SAND - perla i Ryfylke - Suldal Hotell\" \/>\n<meta property=\"og:description\" content=\"Bu p\u00e5 hotell i Suldal. Bu p\u00e5 Suldal hotell - eit rimeleg overnattingstilbod p\u00e5 Sand - perla i Rfyfylke. Sjekk prisane v\u00e5re!\" \/>\n<meta property=\"og:url\" content=\"https:\/\/underbakke.as\/suldalhotell\/sand\/\" \/>\n<meta property=\"og:site_name\" content=\"Suldal Hotell\" \/>\n<meta property=\"article:modified_time\" content=\"2024-11-20T13:26:03+00:00\" \/>\n<meta property=\"og:image\" content=\"http:\/\/underbakke.as\/suldalhotell\/wp-content\/uploads\/2024\/11\/Nordenden-edited-1024x683.jpg\" \/>\n<meta name=\"twitter:card\" content=\"summary_large_image\" \/>\n<meta name=\"twitter:label1\" content=\"Est. reading time\" \/>\n\t<meta name=\"twitter:data1\" content=\"2 minutt\" \/>\n<script type=\"application\/ld+json\" class=\"yoast-schema-graph\">{\"@context\":\"https:\/\/schema.org\",\"@graph\":[{\"@type\":\"WebPage\",\"@id\":\"https:\/\/underbakke.as\/suldalhotell\/sand\/\",\"url\":\"https:\/\/underbakke.as\/suldalhotell\/sand\/\",\"name\":\"SAND - perla i Ryfylke - Suldal Hotell\",\"isPartOf\":{\"@id\":\"https:\/\/underbakke.as\/suldalhotell\/#website\"},\"primaryImageOfPage\":{\"@id\":\"https:\/\/underbakke.as\/suldalhotell\/sand\/#primaryimage\"},\"image\":{\"@id\":\"https:\/\/underbakke.as\/suldalhotell\/sand\/#primaryimage\"},\"thumbnailUrl\":\"http:\/\/underbakke.as\/suldalhotell\/wp-content\/uploads\/2024\/11\/Nordenden-edited-1024x683.jpg\",\"datePublished\":\"2015-12-09T07:51:28+00:00\",\"dateModified\":\"2024-11-20T13:26:03+00:00\",\"description\":\"Bu p\u00e5 hotell i Suldal. Bu p\u00e5 Suldal hotell - eit rimeleg overnattingstilbod p\u00e5 Sand - perla i Rfyfylke. Sjekk prisane v\u00e5re!\",\"breadcrumb\":{\"@id\":\"https:\/\/underbakke.as\/suldalhotell\/sand\/#breadcrumb\"},\"inLanguage\":\"nn-NO\",\"potentialAction\":[{\"@type\":\"ReadAction\",\"target\":[\"https:\/\/underbakke.as\/suldalhotell\/sand\/\"]}]},{\"@type\":\"ImageObject\",\"inLanguage\":\"nn-NO\",\"@id\":\"https:\/\/underbakke.as\/suldalhotell\/sand\/#primaryimage\",\"url\":\"https:\/\/underbakke.as\/suldalhotell\/wp-content\/uploads\/2024\/11\/Nordenden-edited-scaled.jpg\",\"contentUrl\":\"https:\/\/underbakke.as\/suldalhotell\/wp-content\/uploads\/2024\/11\/Nordenden-edited-scaled.jpg\",\"width\":2560,\"height\":1707},{\"@type\":\"BreadcrumbList\",\"@id\":\"https:\/\/underbakke.as\/suldalhotell\/sand\/#breadcrumb\",\"itemListElement\":[{\"@type\":\"ListItem\",\"position\":1,\"name\":\"Home\",\"item\":\"https:\/\/underbakke.as\/suldalhotell\/\"},{\"@type\":\"ListItem\",\"position\":2,\"name\":\"SAND &#8211; perla i Ryfylke\"}]},{\"@type\":\"WebSite\",\"@id\":\"https:\/\/underbakke.as\/suldalhotell\/#website\",\"url\":\"https:\/\/underbakke.as\/suldalhotell\/\",\"name\":\"Suldal Hotell\",\"description\":\"\",\"publisher\":{\"@id\":\"https:\/\/underbakke.as\/suldalhotell\/#organization\"},\"potentialAction\":[{\"@type\":\"SearchAction\",\"target\":{\"@type\":\"EntryPoint\",\"urlTemplate\":\"https:\/\/underbakke.as\/suldalhotell\/?s={search_term_string}\"},\"query-input\":{\"@type\":\"PropertyValueSpecification\",\"valueRequired\":true,\"valueName\":\"search_term_string\"}}],\"inLanguage\":\"nn-NO\"},{\"@type\":\"Organization\",\"@id\":\"https:\/\/underbakke.as\/suldalhotell\/#organization\",\"name\":\"Suldal hotell\",\"url\":\"https:\/\/underbakke.as\/suldalhotell\/\",\"logo\":{\"@type\":\"ImageObject\",\"inLanguage\":\"nn-NO\",\"@id\":\"https:\/\/underbakke.as\/suldalhotell\/#\/schema\/logo\/image\/\",\"url\":\"https:\/\/underbakke.as\/suldalhotell\/wp-content\/uploads\/2016\/08\/Suldal_Hotell_Logo.png\",\"contentUrl\":\"https:\/\/underbakke.as\/suldalhotell\/wp-content\/uploads\/2016\/08\/Suldal_Hotell_Logo.png\",\"width\":2089,\"height\":1506,\"caption\":\"Suldal hotell\"},\"image\":{\"@id\":\"https:\/\/underbakke.as\/suldalhotell\/#\/schema\/logo\/image\/\"}}]}<\/script>\n<!-- \/ Yoast SEO plugin. -->","yoast_head_json":{"title":"SAND - perla i Ryfylke - Suldal Hotell","description":"Bu p\u00e5 hotell i Suldal. Bu p\u00e5 Suldal hotell - eit rimeleg overnattingstilbod p\u00e5 Sand - perla i Rfyfylke. Sjekk prisane v\u00e5re!","robots":{"index":"index","follow":"follow","max-snippet":"max-snippet:-1","max-image-preview":"max-image-preview:large","max-video-preview":"max-video-preview:-1"},"canonical":"https:\/\/underbakke.as\/suldalhotell\/sand\/","og_locale":"nn_NO","og_type":"article","og_title":"SAND - perla i Ryfylke - Suldal Hotell","og_description":"Bu p\u00e5 hotell i Suldal. Bu p\u00e5 Suldal hotell - eit rimeleg overnattingstilbod p\u00e5 Sand - perla i Rfyfylke. Sjekk prisane v\u00e5re!","og_url":"https:\/\/underbakke.as\/suldalhotell\/sand\/","og_site_name":"Suldal Hotell","article_modified_time":"2024-11-20T13:26:03+00:00","og_image":[{"url":"http:\/\/underbakke.as\/suldalhotell\/wp-content\/uploads\/2024\/11\/Nordenden-edited-1024x683.jpg"}],"twitter_card":"summary_large_image","twitter_misc":{"Est. reading time":"2 minutt"},"schema":{"@context":"https:\/\/schema.org","@graph":[{"@type":"WebPage","@id":"https:\/\/underbakke.as\/suldalhotell\/sand\/","url":"https:\/\/underbakke.as\/suldalhotell\/sand\/","name":"SAND - perla i Ryfylke - Suldal Hotell","isPartOf":{"@id":"https:\/\/underbakke.as\/suldalhotell\/#website"},"primaryImageOfPage":{"@id":"https:\/\/underbakke.as\/suldalhotell\/sand\/#primaryimage"},"image":{"@id":"https:\/\/underbakke.as\/suldalhotell\/sand\/#primaryimage"},"thumbnailUrl":"http:\/\/underbakke.as\/suldalhotell\/wp-content\/uploads\/2024\/11\/Nordenden-edited-1024x683.jpg","datePublished":"2015-12-09T07:51:28+00:00","dateModified":"2024-11-20T13:26:03+00:00","description":"Bu p\u00e5 hotell i Suldal. Bu p\u00e5 Suldal hotell - eit rimeleg overnattingstilbod p\u00e5 Sand - perla i Rfyfylke. Sjekk prisane v\u00e5re!","breadcrumb":{"@id":"https:\/\/underbakke.as\/suldalhotell\/sand\/#breadcrumb"},"inLanguage":"nn-NO","potentialAction":[{"@type":"ReadAction","target":["https:\/\/underbakke.as\/suldalhotell\/sand\/"]}]},{"@type":"ImageObject","inLanguage":"nn-NO","@id":"https:\/\/underbakke.as\/suldalhotell\/sand\/#primaryimage","url":"https:\/\/underbakke.as\/suldalhotell\/wp-content\/uploads\/2024\/11\/Nordenden-edited-scaled.jpg","contentUrl":"https:\/\/underbakke.as\/suldalhotell\/wp-content\/uploads\/2024\/11\/Nordenden-edited-scaled.jpg","width":2560,"height":1707},{"@type":"BreadcrumbList","@id":"https:\/\/underbakke.as\/suldalhotell\/sand\/#breadcrumb","itemListElement":[{"@type":"ListItem","position":1,"name":"Home","item":"https:\/\/underbakke.as\/suldalhotell\/"},{"@type":"ListItem","position":2,"name":"SAND &#8211; perla i Ryfylke"}]},{"@type":"WebSite","@id":"https:\/\/underbakke.as\/suldalhotell\/#website","url":"https:\/\/underbakke.as\/suldalhotell\/","name":"Suldal Hotell","description":"","publisher":{"@id":"https:\/\/underbakke.as\/suldalhotell\/#organization"},"potentialAction":[{"@type":"SearchAction","target":{"@type":"EntryPoint","urlTemplate":"https:\/\/underbakke.as\/suldalhotell\/?s={search_term_string}"},"query-input":{"@type":"PropertyValueSpecification","valueRequired":true,"valueName":"search_term_string"}}],"inLanguage":"nn-NO"},{"@type":"Organization","@id":"https:\/\/underbakke.as\/suldalhotell\/#organization","name":"Suldal hotell","url":"https:\/\/underbakke.as\/suldalhotell\/","logo":{"@type":"ImageObject","inLanguage":"nn-NO","@id":"https:\/\/underbakke.as\/suldalhotell\/#\/schema\/logo\/image\/","url":"https:\/\/underbakke.as\/suldalhotell\/wp-content\/uploads\/2016\/08\/Suldal_Hotell_Logo.png","contentUrl":"https:\/\/underbakke.as\/suldalhotell\/wp-content\/uploads\/2016\/08\/Suldal_Hotell_Logo.png","width":2089,"height":1506,"caption":"Suldal hotell"},"image":{"@id":"https:\/\/underbakke.as\/suldalhotell\/#\/schema\/logo\/image\/"}}]}},"_links":{"self":[{"href":"https:\/\/underbakke.as\/suldalhotell\/wp-json\/wp\/v2\/pages\/14"}],"collection":[{"href":"https:\/\/underbakke.as\/suldalhotell\/wp-json\/wp\/v2\/pages"}],"about":[{"href":"https:\/\/underbakke.as\/suldalhotell\/wp-json\/wp\/v2\/types\/page"}],"author":[{"embeddable":true,"href":"https:\/\/underbakke.as\/suldalhotell\/wp-json\/wp\/v2\/users\/1"}],"replies":[{"embeddable":true,"href":"https:\/\/underbakke.as\/suldalhotell\/wp-json\/wp\/v2\/comments?post=14"}],"version-history":[{"count":17,"href":"https:\/\/underbakke.as\/suldalhotell\/wp-json\/wp\/v2\/pages\/14\/revisions"}],"predecessor-version":[{"id":481,"href":"https:\/\/underbakke.as\/suldalhotell\/wp-json\/wp\/v2\/pages\/14\/revisions\/481"}],"wp:attachment":[{"href":"https:\/\/underbakke.as\/suldalhotell\/wp-json\/wp\/v2\/media?parent=14"}],"curies":[{"name":"wp","href":"https:\/\/api.w.org\/{rel}","templated":true}]}}