{"id":155,"date":"2018-05-23T13:20:43","date_gmt":"2018-05-23T11:20:43","guid":{"rendered":"http:\/\/underbakke.as\/suldalhotell\/?page_id=155"},"modified":"2024-10-28T09:28:43","modified_gmt":"2024-10-28T08:28:43","slug":"personvern","status":"publish","type":"page","link":"https:\/\/underbakke.as\/suldalhotell\/personvern\/","title":{"rendered":"Personvern"},"content":{"rendered":"<p><strong>Personvernerkl\u00e6ring:<\/strong><br \/>P\u00e5 www.suldalhotell.no brukar me cookies. Cookies er informasjonskapslar som lagrast i maskina di.<\/p>\n<p>Me bruker informasjonskapslar til analyse av nettstaden og til marknadsf\u00f8ring. Informasjonkapslar gir oss ingen informasjon som kan knyte din bruk av nettstaden til deg som person.<\/p>\n<p>Vanlegvis vil nettlesaren din akseptere informasjonskapslar automatisk. \u00d8nskjer du \u00e5 endre dette, m\u00e5 du gjere det i innstilingane til nettleseren din. Ikkje alle nettsider fungerer optimalt n\u00e5r cookies er sl\u00e5tt av.<\/p>\n<p>Kor blir informasjonen lagra?<br \/>Me bruker Google analytics til \u00e5 samle og analysere brukardata (kor lenge bes\u00f8kjande er p\u00e5 nettsida, kva for sider er dei mest p\u00e5 osv.). Google lagrer denne dataen, og har eigne retningslinjer for personvern.<\/p>\n<p>All online reservasjon av rom hos Suldal hotell skjer p\u00e5 Booking.com. Booking.com har ogs\u00e5 eigne retningslinjer for personvern.<\/p>\n<p>Innebygd innhald fr\u00e5 andre nettstader<br \/>Artiklar p\u00e5 denne sida kan inkludere innebygd innhald (f.eks. videoar, bilde, artiklar osv.). Innebygd innhald fr\u00e5 andre nettstader oppf\u00f8rer seg p\u00e5 n\u00f8yaktig same m\u00e5te som om den bes\u00f8kjande hadde bes\u00f8kt nettstaden som det innebygde innhaldet kjem fr\u00e5.<\/p>\n<p>Desse nettstadane kan samle inn opplysningar om deg, bruke informasjonskapslar eller bygge inn sporingssystem fr\u00e5 ein tredjepart og overvake kva du gjer via dette innebygde innhaldet. Dette omfattar ogs\u00e5 sporing av handlingane dine via det innebygde innhaldet dersom du har ein konto og er logga inn p\u00e5 nettstaden.<\/p>\n\n\n<p><\/p>\n","protected":false},"excerpt":{"rendered":"<p>Personvernerkl\u00e6ring:P\u00e5 www.suldalhotell.no brukar me cookies. Cookies er informasjonskapslar som lagrast i maskina di. Me bruker informasjonskapslar til analyse av nettstaden og til marknadsf\u00f8ring. Informasjonkapslar gir oss ingen informasjon som kan knyte din bruk av nettstaden til deg som person. Vanlegvis vil nettlesaren din akseptere informasjonskapslar automatisk. \u00d8nskjer du \u00e5 endre dette, m\u00e5 du gjere det &hellip; <\/p>\n<p class=\"link-more\"><a href=\"https:\/\/underbakke.as\/suldalhotell\/personvern\/\" class=\"more-link\">Read more<span class=\"screen-reader-text\"> &laquo;Personvern&raquo;<\/span><\/a><\/p>\n","protected":false},"author":1,"featured_media":0,"parent":0,"menu_order":0,"comment_status":"closed","ping_status":"closed","template":"","meta":{"footnotes":""},"class_list":["post-155","page","type-page","status-publish","hentry"],"yoast_head":"<!-- This site is optimized with the Yoast SEO plugin v23.9 - https:\/\/yoast.com\/wordpress\/plugins\/seo\/ -->\n<title>Personvern - Suldal Hotell<\/title>\n<meta name=\"robots\" content=\"index, follow, max-snippet:-1, max-image-preview:large, max-video-preview:-1\" \/>\n<link rel=\"canonical\" href=\"https:\/\/underbakke.as\/suldalhotell\/personvern\/\" \/>\n<meta property=\"og:locale\" content=\"nn_NO\" \/>\n<meta property=\"og:type\" content=\"article\" \/>\n<meta property=\"og:title\" content=\"Personvern - Suldal Hotell\" \/>\n<meta property=\"og:description\" content=\"Personvernerkl\u00e6ring:P\u00e5 www.suldalhotell.no brukar me cookies. Cookies er informasjonskapslar som lagrast i maskina di. Me bruker informasjonskapslar til analyse av nettstaden og til marknadsf\u00f8ring. Informasjonkapslar gir oss ingen informasjon som kan knyte din bruk av nettstaden til deg som person. Vanlegvis vil nettlesaren din akseptere informasjonskapslar automatisk. \u00d8nskjer du \u00e5 endre dette, m\u00e5 du gjere det &hellip; Read more &quot;Personvern&quot;\" \/>\n<meta property=\"og:url\" content=\"https:\/\/underbakke.as\/suldalhotell\/personvern\/\" \/>\n<meta property=\"og:site_name\" content=\"Suldal Hotell\" \/>\n<meta property=\"article:modified_time\" content=\"2024-10-28T08:28:43+00:00\" \/>\n<meta name=\"twitter:card\" content=\"summary_large_image\" \/>\n<meta name=\"twitter:label1\" content=\"Est. reading time\" \/>\n\t<meta name=\"twitter:data1\" content=\"2 minutt\" \/>\n<script type=\"application\/ld+json\" class=\"yoast-schema-graph\">{\"@context\":\"https:\/\/schema.org\",\"@graph\":[{\"@type\":\"WebPage\",\"@id\":\"https:\/\/underbakke.as\/suldalhotell\/personvern\/\",\"url\":\"https:\/\/underbakke.as\/suldalhotell\/personvern\/\",\"name\":\"Personvern - Suldal Hotell\",\"isPartOf\":{\"@id\":\"https:\/\/underbakke.as\/suldalhotell\/#website\"},\"datePublished\":\"2018-05-23T11:20:43+00:00\",\"dateModified\":\"2024-10-28T08:28:43+00:00\",\"breadcrumb\":{\"@id\":\"https:\/\/underbakke.as\/suldalhotell\/personvern\/#breadcrumb\"},\"inLanguage\":\"nn-NO\",\"potentialAction\":[{\"@type\":\"ReadAction\",\"target\":[\"https:\/\/underbakke.as\/suldalhotell\/personvern\/\"]}]},{\"@type\":\"BreadcrumbList\",\"@id\":\"https:\/\/underbakke.as\/suldalhotell\/personvern\/#breadcrumb\",\"itemListElement\":[{\"@type\":\"ListItem\",\"position\":1,\"name\":\"Home\",\"item\":\"https:\/\/underbakke.as\/suldalhotell\/\"},{\"@type\":\"ListItem\",\"position\":2,\"name\":\"Personvern\"}]},{\"@type\":\"WebSite\",\"@id\":\"https:\/\/underbakke.as\/suldalhotell\/#website\",\"url\":\"https:\/\/underbakke.as\/suldalhotell\/\",\"name\":\"Suldal Hotell\",\"description\":\"\",\"publisher\":{\"@id\":\"https:\/\/underbakke.as\/suldalhotell\/#organization\"},\"potentialAction\":[{\"@type\":\"SearchAction\",\"target\":{\"@type\":\"EntryPoint\",\"urlTemplate\":\"https:\/\/underbakke.as\/suldalhotell\/?s={search_term_string}\"},\"query-input\":{\"@type\":\"PropertyValueSpecification\",\"valueRequired\":true,\"valueName\":\"search_term_string\"}}],\"inLanguage\":\"nn-NO\"},{\"@type\":\"Organization\",\"@id\":\"https:\/\/underbakke.as\/suldalhotell\/#organization\",\"name\":\"Suldal hotell\",\"url\":\"https:\/\/underbakke.as\/suldalhotell\/\",\"logo\":{\"@type\":\"ImageObject\",\"inLanguage\":\"nn-NO\",\"@id\":\"https:\/\/underbakke.as\/suldalhotell\/#\/schema\/logo\/image\/\",\"url\":\"https:\/\/underbakke.as\/suldalhotell\/wp-content\/uploads\/2016\/08\/Suldal_Hotell_Logo.png\",\"contentUrl\":\"https:\/\/underbakke.as\/suldalhotell\/wp-content\/uploads\/2016\/08\/Suldal_Hotell_Logo.png\",\"width\":2089,\"height\":1506,\"caption\":\"Suldal hotell\"},\"image\":{\"@id\":\"https:\/\/underbakke.as\/suldalhotell\/#\/schema\/logo\/image\/\"}}]}<\/script>\n<!-- \/ Yoast SEO plugin. -->","yoast_head_json":{"title":"Personvern - Suldal Hotell","robots":{"index":"index","follow":"follow","max-snippet":"max-snippet:-1","max-image-preview":"max-image-preview:large","max-video-preview":"max-video-preview:-1"},"canonical":"https:\/\/underbakke.as\/suldalhotell\/personvern\/","og_locale":"nn_NO","og_type":"article","og_title":"Personvern - Suldal Hotell","og_description":"Personvernerkl\u00e6ring:P\u00e5 www.suldalhotell.no brukar me cookies. Cookies er informasjonskapslar som lagrast i maskina di. Me bruker informasjonskapslar til analyse av nettstaden og til marknadsf\u00f8ring. Informasjonkapslar gir oss ingen informasjon som kan knyte din bruk av nettstaden til deg som person. Vanlegvis vil nettlesaren din akseptere informasjonskapslar automatisk. \u00d8nskjer du \u00e5 endre dette, m\u00e5 du gjere det &hellip; Read more \"Personvern\"","og_url":"https:\/\/underbakke.as\/suldalhotell\/personvern\/","og_site_name":"Suldal Hotell","article_modified_time":"2024-10-28T08:28:43+00:00","twitter_card":"summary_large_image","twitter_misc":{"Est. reading time":"2 minutt"},"schema":{"@context":"https:\/\/schema.org","@graph":[{"@type":"WebPage","@id":"https:\/\/underbakke.as\/suldalhotell\/personvern\/","url":"https:\/\/underbakke.as\/suldalhotell\/personvern\/","name":"Personvern - Suldal Hotell","isPartOf":{"@id":"https:\/\/underbakke.as\/suldalhotell\/#website"},"datePublished":"2018-05-23T11:20:43+00:00","dateModified":"2024-10-28T08:28:43+00:00","breadcrumb":{"@id":"https:\/\/underbakke.as\/suldalhotell\/personvern\/#breadcrumb"},"inLanguage":"nn-NO","potentialAction":[{"@type":"ReadAction","target":["https:\/\/underbakke.as\/suldalhotell\/personvern\/"]}]},{"@type":"BreadcrumbList","@id":"https:\/\/underbakke.as\/suldalhotell\/personvern\/#breadcrumb","itemListElement":[{"@type":"ListItem","position":1,"name":"Home","item":"https:\/\/underbakke.as\/suldalhotell\/"},{"@type":"ListItem","position":2,"name":"Personvern"}]},{"@type":"WebSite","@id":"https:\/\/underbakke.as\/suldalhotell\/#website","url":"https:\/\/underbakke.as\/suldalhotell\/","name":"Suldal Hotell","description":"","publisher":{"@id":"https:\/\/underbakke.as\/suldalhotell\/#organization"},"potentialAction":[{"@type":"SearchAction","target":{"@type":"EntryPoint","urlTemplate":"https:\/\/underbakke.as\/suldalhotell\/?s={search_term_string}"},"query-input":{"@type":"PropertyValueSpecification","valueRequired":true,"valueName":"search_term_string"}}],"inLanguage":"nn-NO"},{"@type":"Organization","@id":"https:\/\/underbakke.as\/suldalhotell\/#organization","name":"Suldal hotell","url":"https:\/\/underbakke.as\/suldalhotell\/","logo":{"@type":"ImageObject","inLanguage":"nn-NO","@id":"https:\/\/underbakke.as\/suldalhotell\/#\/schema\/logo\/image\/","url":"https:\/\/underbakke.as\/suldalhotell\/wp-content\/uploads\/2016\/08\/Suldal_Hotell_Logo.png","contentUrl":"https:\/\/underbakke.as\/suldalhotell\/wp-content\/uploads\/2016\/08\/Suldal_Hotell_Logo.png","width":2089,"height":1506,"caption":"Suldal hotell"},"image":{"@id":"https:\/\/underbakke.as\/suldalhotell\/#\/schema\/logo\/image\/"}}]}},"_links":{"self":[{"href":"https:\/\/underbakke.as\/suldalhotell\/wp-json\/wp\/v2\/pages\/155"}],"collection":[{"href":"https:\/\/underbakke.as\/suldalhotell\/wp-json\/wp\/v2\/pages"}],"about":[{"href":"https:\/\/underbakke.as\/suldalhotell\/wp-json\/wp\/v2\/types\/page"}],"author":[{"embeddable":true,"href":"https:\/\/underbakke.as\/suldalhotell\/wp-json\/wp\/v2\/users\/1"}],"replies":[{"embeddable":true,"href":"https:\/\/underbakke.as\/suldalhotell\/wp-json\/wp\/v2\/comments?post=155"}],"version-history":[{"count":5,"href":"https:\/\/underbakke.as\/suldalhotell\/wp-json\/wp\/v2\/pages\/155\/revisions"}],"predecessor-version":[{"id":452,"href":"https:\/\/underbakke.as\/suldalhotell\/wp-json\/wp\/v2\/pages\/155\/revisions\/452"}],"wp:attachment":[{"href":"https:\/\/underbakke.as\/suldalhotell\/wp-json\/wp\/v2\/media?parent=155"}],"curies":[{"name":"wp","href":"https:\/\/api.w.org\/{rel}","templated":true}]}}